{"id":6,"date":"2020-12-21T17:48:28","date_gmt":"2020-12-21T17:48:28","guid":{"rendered":"http:\/\/www.ikbalhaliyikama.com\/?page_id=6"},"modified":"2025-08-22T21:34:03","modified_gmt":"2025-08-22T21:34:03","slug":"hakkimizda","status":"publish","type":"page","link":"https:\/\/www.ikbalhaliyikama.com\/?page_id=6","title":{"rendered":"Hakk\u0131m\u0131zda"},"content":{"rendered":"\n<p>\u0130kbal Hal\u0131 Y\u0131kama Olarak Fabrikam\u0131z Sincan\/Yenikent Hal\u0131 Y\u0131kamac\u0131lar Sanayi Sitesi 16.cadde No:23 De Bulunmaktad\u0131r. Fabrikam\u0131z\u0131n Kurulu\u015fu 2013.Y\u0131l\u0131d\u0131r. Profesyonel Ekip Ve Sa\u011flam Kadromuz \u0130le Ankara&#8217;da Geni\u015f Hizmet A\u011f\u0131 Sunmaktay\u0131z Siz De\u011ferli M\u00fc\u015fterilerimize 2013 Y\u0131l\u0131ndan \u0130tibaren Hizmet Vermekteyiz.<\/p>\n","protected":false},"excerpt":{"rendered":"<p>\u0130kbal Hal\u0131 Y\u0131kama Olarak Fabrikam\u0131z Sincan\/Yenikent Hal\u0131 Y\u0131kamac\u0131lar Sanayi Sitesi 16.cadde No:23 De Bulunmaktad\u0131r. Fabrikam\u0131z\u0131n Kurulu\u015fu 2013.Y\u0131l\u0131d\u0131r. Profesyonel Ekip Ve Sa\u011flam Kadromuz \u0130le Ankara&#8217;da Geni\u015f Hizmet A\u011f\u0131 Sunmaktay\u0131z Siz De\u011ferli M\u00fc\u015fterilerimize 2013 Y\u0131l\u0131ndan \u0130tibaren Hizmet Vermekteyiz.<\/p>\n","protected":false},"author":1,"featured_media":0,"parent":0,"menu_order":0,"comment_status":"closed","ping_status":"closed","template":"","meta":{"footnotes":""},"class_list":["post-6","page","type-page","status-publish","hentry"],"_links":{"self":[{"href":"https:\/\/www.ikbalhaliyikama.com\/index.php?rest_route=\/wp\/v2\/pages\/6","targetHints":{"allow":["GET"]}}],"collection":[{"href":"https:\/\/www.ikbalhaliyikama.com\/index.php?rest_route=\/wp\/v2\/pages"}],"about":[{"href":"https:\/\/www.ikbalhaliyikama.com\/index.php?rest_route=\/wp\/v2\/types\/page"}],"author":[{"embeddable":true,"href":"https:\/\/www.ikbalhaliyikama.com\/index.php?rest_route=\/wp\/v2\/users\/1"}],"replies":[{"embeddable":true,"href":"https:\/\/www.ikbalhaliyikama.com\/index.php?rest_route=%2Fwp%2Fv2%2Fcomments&post=6"}],"version-history":[{"count":4,"href":"https:\/\/www.ikbalhaliyikama.com\/index.php?rest_route=\/wp\/v2\/pages\/6\/revisions"}],"predecessor-version":[{"id":158,"href":"https:\/\/www.ikbalhaliyikama.com\/index.php?rest_route=\/wp\/v2\/pages\/6\/revisions\/158"}],"wp:attachment":[{"href":"https:\/\/www.ikbalhaliyikama.com\/index.php?rest_route=%2Fwp%2Fv2%2Fmedia&parent=6"}],"curies":[{"name":"wp","href":"https:\/\/api.w.org\/{rel}","templated":true}]}}